{"id":31,"date":"2018-09-25T07:56:59","date_gmt":"2018-09-25T07:56:59","guid":{"rendered":"http:\/\/kathmann-metallbau.com\/?page_id=31"},"modified":"2026-03-23T13:31:25","modified_gmt":"2026-03-23T13:31:25","slug":"home","status":"publish","type":"page","link":"https:\/\/kathmann-metallbau.com\/","title":{"rendered":""},"content":{"rendered":"<p><img loading=\"lazy\" decoding=\"async\" class=\" wp-image-122 aligncenter\" src=\"https:\/\/kathmann-metallbau.com\/wp-content\/uploads\/2024\/02\/kathmann-300x35.png\" alt=\"\" width=\"986\" height=\"115\" srcset=\"https:\/\/kathmann-metallbau.com\/wp-content\/uploads\/2024\/02\/kathmann-300x35.png 300w, https:\/\/kathmann-metallbau.com\/wp-content\/uploads\/2024\/02\/kathmann-1024x119.png 1024w, https:\/\/kathmann-metallbau.com\/wp-content\/uploads\/2024\/02\/kathmann-768x89.png 768w, https:\/\/kathmann-metallbau.com\/wp-content\/uploads\/2024\/02\/kathmann.png 1467w\" sizes=\"(max-width: 986px) 100vw, 986px\" \/><\/p>\n<p style=\"text-align: center;\"><img loading=\"lazy\" decoding=\"async\" class=\"wp-image-164 alignleft\" style=\"border-radius: 10px; box-shadow: 12px 12px 2px 1px rgb(232 222 211 \/ 0.8);\" src=\"https:\/\/kathmann-metallbau.com\/wp-content\/uploads\/2026\/03\/MG_2944-300x200.jpg\" alt=\"\" width=\"473\" height=\"316\" srcset=\"https:\/\/kathmann-metallbau.com\/wp-content\/uploads\/2026\/03\/MG_2944-300x200.jpg 300w, https:\/\/kathmann-metallbau.com\/wp-content\/uploads\/2026\/03\/MG_2944-1024x683.jpg 1024w, https:\/\/kathmann-metallbau.com\/wp-content\/uploads\/2026\/03\/MG_2944-768x512.jpg 768w, https:\/\/kathmann-metallbau.com\/wp-content\/uploads\/2026\/03\/MG_2944-1536x1024.jpg 1536w, https:\/\/kathmann-metallbau.com\/wp-content\/uploads\/2026\/03\/MG_2944-2048x1365.jpg 2048w\" sizes=\"(max-width: 473px) 100vw, 473px\" \/><\/p>\n<p>&nbsp;<\/p>\n<p style=\"text-align: center;\">Sie suchen einen zuverl\u00e4ssigen Partner f\u00fcr Ihre Metallbau-Projekte?<br \/>\nDann sind Sie bei uns genau richtig!<br \/>\nWir sind eine Metallbaufirma mit langj\u00e4hriger Erfahrung und hoher Qualit\u00e4t.<\/p>\n<p>&nbsp;<\/p>\n<p style=\"text-align: center; font-size: 20px;\"><strong>Wir bieten Ihnen folgende Leistungen an:<\/strong><\/p>\n<p>&nbsp;<\/p>\n<div style=\"margin-top: 50px; background-color: #dbdbdb; border-radius: 5px; padding: 15px;\">\n<ul>\n<li style=\"text-align: left;\">Brandschutzt\u00fcren und -fenster: Wir fertigen und montieren Brandschutzt\u00fcren und -fenster aus Stahl oder Aluminium, die den h\u00f6chsten Sicherheitsstandards entsprechen. Ob f\u00fcr den privaten oder gewerblichen Bereich, wir haben die passende L\u00f6sung f\u00fcr Sie. Anspruchsvolle Multifunktionst\u00fcren und Fenster mit Anforderungen an den Brand- und\/oder Rauchschutz sind f\u00fcr uns t\u00e4gliche Arbeiten. Einbruchhemmende sowie fluchtwegkonforme L\u00f6sungen bieten wir Ihnen auf Wunsch auch an. Kontaktieren Sie uns gerne f\u00fcr weitere Informationen.<\/li>\n<li style=\"text-align: left;\">Gel\u00e4nder: Wir gestalten und installieren Gel\u00e4nder f\u00fcr Treppen, Balkone, Terrassen oder Fassaden. Wir verwenden verschiedene Materialien wie z.B. Edelstahl, Aluminium, Glas oder HPL-Platten, um Ihren individuellen W\u00fcnschen gerecht zu werden.<\/li>\n<li style=\"text-align: left;\">Metallkonstruktionen: Wir realisieren Metallkonstruktionen f\u00fcr D\u00e4cher, Hallen oder Sonderanfertigungen. Wir verarbeiten Stahl, Edelstahl oder Aluminium unter Verwendung modernster Techniken.<\/li>\n<li style=\"text-align: left;\">Spezialkonstruktionen: In den letzten 20 Jahren haben wir uns umfassendes Spezialwissen aneignen k\u00f6nnen, was uns erlaubt, komplexe Treppen und Gel\u00e4nder genau auf Ihre Bed\u00fcrfnisse herzustellen.<\/li>\n<\/ul>\n<p style=\"text-align: center;\">Mit aktuell 13 Mitarbeitern bieten wir Planung, Herstellung, Montage und Wartung von Metallbaukonstruktionen aus einer Hand von unterschiedlichster Art und Bauweise an.<\/p>\n<p><center><strong>Wir beraten Sie gerne pers\u00f6nlich und individuell. Kontaktieren Sie uns noch heute und profitieren Sie von unserer Kompetenz und unserem Service!<\/strong><\/center><\/div>\n","protected":false},"excerpt":{"rendered":"<p>&nbsp; Sie suchen einen zuverl\u00e4ssigen Partner f\u00fcr Ihre Metallbau-Projekte? Dann sind Sie bei uns genau richtig! Wir sind eine Metallbaufirma mit langj\u00e4hriger Erfahrung und hoher Qualit\u00e4t. &nbsp; Wir bieten Ihnen folgende Leistungen an: &nbsp; Brandschutzt\u00fcren und -fenster: Wir fertigen und montieren Brandschutzt\u00fcren und -fenster aus Stahl oder Aluminium, die den h\u00f6chsten Sicherheitsstandards entsprechen. Ob f\u00fcr &hellip;<\/p>\n<p class=\"read-more\"> <a class=\"\" href=\"https:\/\/kathmann-metallbau.com\/\">  Weiterlesen &raquo;<\/a><\/p>\n","protected":false},"author":1,"featured_media":0,"parent":0,"menu_order":0,"comment_status":"closed","ping_status":"closed","template":"","meta":{"site-sidebar-layout":"default","site-content-layout":"default","ast-main-header-display":"","ast-hfb-above-header-display":"","ast-hfb-below-header-display":"","ast-hfb-mobile-header-display":"","site-post-title":"","ast-breadcrumbs-content":"","ast-featured-img":"","footer-sml-layout":"","theme-transparent-header-meta":"default","adv-header-id-meta":"","stick-header-meta":"","header-above-stick-meta":"","header-main-stick-meta":"","header-below-stick-meta":"","footnotes":""},"_links":{"self":[{"href":"https:\/\/kathmann-metallbau.com\/index.php?rest_route=\/wp\/v2\/pages\/31"}],"collection":[{"href":"https:\/\/kathmann-metallbau.com\/index.php?rest_route=\/wp\/v2\/pages"}],"about":[{"href":"https:\/\/kathmann-metallbau.com\/index.php?rest_route=\/wp\/v2\/types\/page"}],"author":[{"embeddable":true,"href":"https:\/\/kathmann-metallbau.com\/index.php?rest_route=\/wp\/v2\/users\/1"}],"replies":[{"embeddable":true,"href":"https:\/\/kathmann-metallbau.com\/index.php?rest_route=%2Fwp%2Fv2%2Fcomments&post=31"}],"version-history":[{"count":31,"href":"https:\/\/kathmann-metallbau.com\/index.php?rest_route=\/wp\/v2\/pages\/31\/revisions"}],"predecessor-version":[{"id":166,"href":"https:\/\/kathmann-metallbau.com\/index.php?rest_route=\/wp\/v2\/pages\/31\/revisions\/166"}],"wp:attachment":[{"href":"https:\/\/kathmann-metallbau.com\/index.php?rest_route=%2Fwp%2Fv2%2Fmedia&parent=31"}],"curies":[{"name":"wp","href":"https:\/\/api.w.org\/{rel}","templated":true}]}}